{"id":958,"date":"2025-04-03T14:55:54","date_gmt":"2025-04-03T14:55:54","guid":{"rendered":"https:\/\/construiesccasamea.ro\/?post_type=product&#038;p=958"},"modified":"2025-04-04T11:05:04","modified_gmt":"2025-04-04T11:05:04","slug":"buiandrug-cemacon-1-75-ml-2","status":"publish","type":"product","link":"https:\/\/construiesccasamea.ro\/?product=buiandrug-cemacon-1-75-ml-2","title":{"rendered":"Buiandrug Cemacon 1.75 ml"},"content":{"rendered":"<p class=\"p-32\">Element prefabricat din beton armat cu \u00eenveli\u0219 ceramic, pentru \u00eenchiderea vertical\u0103 a golurilor din zid\u0103ria exterioar\u0103 sau interioar\u0103, portant\u0103 sau neportant\u0103.<\/p>\n<p>Dimensiuni sec\u021biune:\u00a0115 x 69 mm<\/p>\n<p>Lungime fabricat\u0103:\u00a01,00 &#8211; 3,00 m<\/p>\n<p>Dimensiunea deschiderii:\u00a00,5 \u2013 2,5 m<\/p>\n","protected":false},"excerpt":{"rendered":"<p>Element prefabricat din beton armat cu \u00eenveli\u0219 ceramic, pentru \u00eenchiderea vertical\u0103 a golurilor din zid\u0103ria exterioar\u0103 sau interioar\u0103, portant\u0103 sau neportant\u0103. Dimensiuni sec\u021biune:\u00a0115 x 69 mm Lungime fabricat\u0103:\u00a01,00 &#8211; 3,00 m Dimensiunea deschiderii:\u00a00,5 \u2013 2,5 m<\/p>\n","protected":false},"featured_media":952,"comment_status":"open","ping_status":"closed","template":"","meta":{"_bst_post_transparent":"default","_bst_post_title":"","_bst_post_layout":"default","_bst_post_sidebar_id":"","_bst_post_content_style":"default","_bst_post_vertical_padding":"default","_bst_post_feature":"","_bst_post_feature_position":"","_bst_post_header":false,"_bst_post_footer":false},"product_cat":[15,128],"product_tag":[],"class_list":{"0":"post-958","1":"product","2":"type-product","3":"status-publish","4":"has-post-thumbnail","6":"product_cat-uncategorized","7":"product_cat-buiandrugi","9":"first","10":"instock","11":"shipping-taxable","12":"purchasable","13":"product-type-simple","14":"entry","15":"content-bg","16":"loop-entry"},"_links":{"self":[{"href":"https:\/\/construiesccasamea.ro\/index.php?rest_route=\/wp\/v2\/product\/958"}],"collection":[{"href":"https:\/\/construiesccasamea.ro\/index.php?rest_route=\/wp\/v2\/product"}],"about":[{"href":"https:\/\/construiesccasamea.ro\/index.php?rest_route=\/wp\/v2\/types\/product"}],"replies":[{"embeddable":true,"href":"https:\/\/construiesccasamea.ro\/index.php?rest_route=%2Fwp%2Fv2%2Fcomments&post=958"}],"wp:featuredmedia":[{"embeddable":true,"href":"https:\/\/construiesccasamea.ro\/index.php?rest_route=\/wp\/v2\/media\/952"}],"wp:attachment":[{"href":"https:\/\/construiesccasamea.ro\/index.php?rest_route=%2Fwp%2Fv2%2Fmedia&parent=958"}],"wp:term":[{"taxonomy":"product_cat","embeddable":true,"href":"https:\/\/construiesccasamea.ro\/index.php?rest_route=%2Fwp%2Fv2%2Fproduct_cat&post=958"},{"taxonomy":"product_tag","embeddable":true,"href":"https:\/\/construiesccasamea.ro\/index.php?rest_route=%2Fwp%2Fv2%2Fproduct_tag&post=958"}],"curies":[{"name":"wp","href":"https:\/\/api.w.org\/{rel}","templated":true}]}}