{"id":814,"date":"2025-03-29T11:56:21","date_gmt":"2025-03-29T11:56:21","guid":{"rendered":"https:\/\/construiesccasamea.ro\/?post_type=product&#038;p=814"},"modified":"2025-03-29T13:36:14","modified_gmt":"2025-03-29T13:36:14","slug":"pieptene-streasina-1-ml-x-10-cm","status":"publish","type":"product","link":"https:\/\/construiesccasamea.ro\/?product=pieptene-streasina-1-ml-x-10-cm","title":{"rendered":"Pieptene streasina 1 ml x 7 cm"},"content":{"rendered":"<p class=\"\" data-start=\"72\" data-end=\"306\">Pieptenele de strea\u0219in\u0103 este un element esen\u021bial \u00een sistemele de acoperi\u0219, proiectat pentru a \u00eempiedica p\u0103trunderea p\u0103s\u0103rilor, insectelor \u0219i resturilor sub \u00eenvelitoare, asigur\u00e2nd \u00een acela\u0219i timp o ventila\u021bie optim\u0103.<\/p>\n<p class=\"\" data-start=\"308\" data-end=\"663\"><strong data-start=\"308\" data-end=\"327\">Caracteristici:<\/strong><br data-start=\"327\" data-end=\"330\" \/>\u2714 <strong data-start=\"332\" data-end=\"352\">Material durabil<\/strong> \u2013 polipropilen\u0103 rezistent\u0103 la UV \u0219i intemperii<br data-start=\"399\" data-end=\"402\" \/>\u2714 <strong data-start=\"404\" data-end=\"424\">Lungime si latime standard<\/strong> \u2013 1 metru, u\u0219or de adaptat la orice tip de acoperi\u0219; latime 10 cm pentru a putea acoperi golurile lasate de tiglele cu ondule mari<br data-start=\"476\" data-end=\"479\" \/>\u2714 <strong data-start=\"481\" data-end=\"512\">Distan\u021b\u0103 optim\u0103 \u00eentre din\u021bi<\/strong> \u2013 permite circula\u021bia aerului, prevenind condensul<br data-start=\"562\" data-end=\"565\" \/>\u2714 <strong data-start=\"567\" data-end=\"584\">Montaj simplu<\/strong> \u2013 fixare rapid\u0103 pe marginea inferioar\u0103 a acoperi\u0219ului, de-a lungul stre\u0219inii<\/p>\n<p class=\"\" data-start=\"665\" data-end=\"857\"><strong data-start=\"665\" data-end=\"679\">Beneficii:<\/strong><br data-start=\"679\" data-end=\"682\" \/>\u2705 Protejeaz\u0103 \u00eempotriva d\u0103un\u0103torilor \u0219i murd\u0103riei<br data-start=\"730\" data-end=\"733\" \/>\u2705 Asigur\u0103 o ventila\u021bie corect\u0103, prevenind acumularea umezelii<br data-start=\"794\" data-end=\"797\" \/>\u2705 Contribuie la prelungirea duratei de via\u021b\u0103 a \u00eenvelitorii<\/p>\n<p class=\"\" data-start=\"859\" data-end=\"916\"><strong data-start=\"862\" data-end=\"916\" data-is-last-node=\"\">Comand\u0103 acum \u0219i protejeaz\u0103-\u021bi acoperi\u0219ul eficient!<\/strong><\/p>\n","protected":false},"excerpt":{"rendered":"<p>Pieptenele de strea\u0219in\u0103 este un element esen\u021bial \u00een sistemele de acoperi\u0219, proiectat pentru a \u00eempiedica p\u0103trunderea p\u0103s\u0103rilor, insectelor \u0219i resturilor sub \u00eenvelitoare, asigur\u00e2nd \u00een acela\u0219i timp o ventila\u021bie optim\u0103. Caracteristici:\u2714 Material durabil \u2013 polipropilen\u0103 rezistent\u0103 la UV \u0219i intemperii\u2714 Lungime si latime standard \u2013 1 metru, u\u0219or de adaptat la orice tip de acoperi\u0219; latime&#8230;<\/p>\n","protected":false},"featured_media":813,"comment_status":"open","ping_status":"closed","template":"","meta":{"_bst_post_transparent":"default","_bst_post_title":"","_bst_post_layout":"default","_bst_post_sidebar_id":"","_bst_post_content_style":"default","_bst_post_vertical_padding":"default","_bst_post_feature":"","_bst_post_feature_position":"","_bst_post_header":false,"_bst_post_footer":false},"product_cat":[55],"product_tag":[],"class_list":{"0":"post-814","1":"product","2":"type-product","3":"status-publish","4":"has-post-thumbnail","6":"product_cat-magazinul-nostru","8":"first","9":"instock","10":"shipping-taxable","11":"product-type-grouped","12":"entry","13":"content-bg","14":"loop-entry"},"_links":{"self":[{"href":"https:\/\/construiesccasamea.ro\/index.php?rest_route=\/wp\/v2\/product\/814"}],"collection":[{"href":"https:\/\/construiesccasamea.ro\/index.php?rest_route=\/wp\/v2\/product"}],"about":[{"href":"https:\/\/construiesccasamea.ro\/index.php?rest_route=\/wp\/v2\/types\/product"}],"replies":[{"embeddable":true,"href":"https:\/\/construiesccasamea.ro\/index.php?rest_route=%2Fwp%2Fv2%2Fcomments&post=814"}],"wp:featuredmedia":[{"embeddable":true,"href":"https:\/\/construiesccasamea.ro\/index.php?rest_route=\/wp\/v2\/media\/813"}],"wp:attachment":[{"href":"https:\/\/construiesccasamea.ro\/index.php?rest_route=%2Fwp%2Fv2%2Fmedia&parent=814"}],"wp:term":[{"taxonomy":"product_cat","embeddable":true,"href":"https:\/\/construiesccasamea.ro\/index.php?rest_route=%2Fwp%2Fv2%2Fproduct_cat&post=814"},{"taxonomy":"product_tag","embeddable":true,"href":"https:\/\/construiesccasamea.ro\/index.php?rest_route=%2Fwp%2Fv2%2Fproduct_tag&post=814"}],"curies":[{"name":"wp","href":"https:\/\/api.w.org\/{rel}","templated":true}]}}