{"id":1111,"date":"2025-04-08T19:07:31","date_gmt":"2025-04-08T19:07:31","guid":{"rendered":"https:\/\/construiesccasamea.ro\/?post_type=product&#038;p=1111"},"modified":"2025-04-08T19:11:42","modified_gmt":"2025-04-08T19:11:42","slug":"tigla-terran-zenit-carbon","status":"publish","type":"product","link":"https:\/\/construiesccasamea.ro\/?product=tigla-terran-zenit-carbon","title":{"rendered":"Tigla Terran Zenit Carbon"},"content":{"rendered":"<h3 class=\"\" data-start=\"153\" data-end=\"204\"><strong data-start=\"157\" data-end=\"204\">\u021aigla de baz\u0103 1\/1 Terran \u2013 Colectia Zenit<\/strong><\/h3>\n<h3 class=\"\" data-start=\"118\" data-end=\"179\"><strong data-start=\"122\" data-end=\"179\">\u021aigla Zenit \u2013 Simplitate modern\u0103, elegan\u021b\u0103 atemporal\u0103<\/strong><\/h3>\n<p class=\"\" data-start=\"181\" data-end=\"441\"><strong data-start=\"181\" data-end=\"196\">\u021aigla Zenit<\/strong> este expresia rafinamentului contemporan, conceput\u0103 pentru a r\u0103spunde celor mai \u00eenalte standarde \u00een materie de design arhitectural. Cu un profil plat \u0219i linii curate, Zenit redefine\u0219te estetica acoperi\u0219ului \u0219i impune un nou standard \u00een domeniu.<\/p>\n<p class=\"\" data-start=\"443\" data-end=\"593\">Inspirat\u0103 de stilul minimalist, aceast\u0103 \u021bigl\u0103 se integreaz\u0103 perfect \u00een proiecte moderne, unde elegan\u021ba st\u0103 \u00een simplitate, iar detaliile fac diferen\u021ba.<\/p>\n<hr class=\"\" data-start=\"595\" data-end=\"598\" \/>\n<h3 class=\"\" data-start=\"984\" data-end=\"1048\"><strong data-start=\"988\" data-end=\"1048\">Tehnologie de protec\u021bie ColorSystem + suprafa\u021b\u0103 Rezistor<\/strong><\/h3>\n<p class=\"\" data-start=\"1050\" data-end=\"1160\">\u021aigla este fabricat\u0103 din beton colorat \u00een mas\u0103 \u0219i tratat\u0103 cu\u00a0<strong data-start=\"1111\" data-end=\"1126\">ColorSystem<\/strong>, o tehnologie ecologic\u0103 ce ofer\u0103:<\/p>\n<ul data-start=\"1161\" data-end=\"1312\">\n<li class=\"\" data-start=\"1161\" data-end=\"1201\">\n<p class=\"\" data-start=\"1163\" data-end=\"1201\"><strong data-start=\"1163\" data-end=\"1184\">Culoare de durat\u0103<\/strong>\u00a0f\u0103r\u0103 decolorare;<\/p>\n<\/li>\n<li class=\"\" data-start=\"1202\" data-end=\"1230\">\n<p class=\"\" data-start=\"1204\" data-end=\"1230\"><strong data-start=\"1204\" data-end=\"1229\">Protec\u021bie UV avansat\u0103<\/strong>;<\/p>\n<\/li>\n<li class=\"\" data-start=\"1231\" data-end=\"1312\">\n<p class=\"\" data-start=\"1233\" data-end=\"1312\"><strong data-start=\"1233\" data-end=\"1311\">Rezisten\u021b\u0103 ridicat\u0103 la uzur\u0103, ploi acide, \u00eenghe\u021b-dezghe\u021b \u0219i poluare urban\u0103<\/strong>.<\/p>\n<\/li>\n<\/ul>\n<p class=\"\" data-start=\"1314\" data-end=\"1472\">Suprafa\u021ba\u00a0<strong data-start=\"1324\" data-end=\"1336\">Rezistor<\/strong>\u00a0adaug\u0103 un strat suplimentar de durabilitate \u0219i rezisten\u021b\u0103 \u00een fa\u021ba factorilor de mediu, inclusiv mu\u0219chi, depuneri \u0219i particule poluante.<\/p>\n<hr class=\"\" data-start=\"1474\" data-end=\"1477\" \/>\n<h3 class=\"\" data-start=\"1479\" data-end=\"1503\"><strong data-start=\"1483\" data-end=\"1503\">Beneficii cheie:<\/strong><\/h3>\n<ul data-start=\"1504\" data-end=\"1823\">\n<li class=\"\" data-start=\"1504\" data-end=\"1540\">\n<p class=\"\" data-start=\"1506\" data-end=\"1540\"><strong data-start=\"1508\" data-end=\"1538\">Impermeabilitate excelent\u0103<\/strong><\/p>\n<\/li>\n<li class=\"\" data-start=\"1541\" data-end=\"1574\">\n<p class=\"\" data-start=\"1543\" data-end=\"1574\"><strong data-start=\"1545\" data-end=\"1572\">Durat\u0103 de via\u021b\u0103 extins\u0103<\/strong><\/p>\n<\/li>\n<li class=\"\" data-start=\"1575\" data-end=\"1621\">\n<p class=\"\" data-start=\"1577\" data-end=\"1621\"><strong data-start=\"1579\" data-end=\"1619\">Greutate constant\u0103 \u2013 nu absoarbe ap\u0103<\/strong><\/p>\n<\/li>\n<li class=\"\" data-start=\"1622\" data-end=\"1668\">\n<p class=\"\" data-start=\"1624\" data-end=\"1668\"><strong data-start=\"1626\" data-end=\"1666\">Rezisten\u021b\u0103 la decolorare \u0219i spargere<\/strong><\/p>\n<\/li>\n<li class=\"\" data-start=\"1669\" data-end=\"1715\">\n<p class=\"\" data-start=\"1671\" data-end=\"1715\"><strong data-start=\"1673\" data-end=\"1713\">Izola\u021bie fonic\u0103 \u0219i termic\u0103 eficient\u0103<\/strong><\/p>\n<\/li>\n<li class=\"\" data-start=\"1716\" data-end=\"1767\">\n<p class=\"\" data-start=\"1718\" data-end=\"1767\"><strong data-start=\"1720\" data-end=\"1765\">Dimensiuni precise pentru un montaj curat<\/strong><\/p>\n<\/li>\n<li class=\"\" data-start=\"1768\" data-end=\"1823\">\n<p class=\"\" data-start=\"1770\" data-end=\"1823\"><strong data-start=\"1772\" data-end=\"1823\">U\u0219urin\u021b\u0103 \u00een corectare \u0219i instalare simplificat\u0103<\/strong><\/p>\n<\/li>\n<\/ul>\n<hr class=\"\" data-start=\"1825\" data-end=\"1828\" \/>\n<p class=\"\" data-start=\"1830\" data-end=\"1946\"><strong data-start=\"600\" data-end=\"658\">Zenit \u2013 alegerea ideal\u0103 pentru arhitectura viitorului.<\/strong><\/p>\n<p class=\"\" data-start=\"1830\" data-end=\"1946\"><br data-start=\"658\" data-end=\"661\" \/>Modern\u0103, precis\u0103, impecabil\u0103.<\/p>\n<hr class=\"\" data-start=\"1139\" data-end=\"1142\" \/>\n<p class=\"\" data-start=\"1144\" data-end=\"1231\"><strong>Investe\u0219te \u00eentr-un acoperi\u0219 care arat\u0103 bine \u0219i rezist\u0103 \u00een timp. Alege calitatea Terran cu 50 de ani garantie!<\/strong><\/p>\n<hr class=\"\" data-start=\"1474\" data-end=\"1477\" \/>\n<p>&nbsp;<\/p>\n","protected":false},"excerpt":{"rendered":"<p>10 buc\/mp<\/p>\n","protected":false},"featured_media":1112,"comment_status":"open","ping_status":"closed","template":"","meta":{"_bst_post_transparent":"default","_bst_post_title":"","_bst_post_layout":"default","_bst_post_sidebar_id":"","_bst_post_content_style":"default","_bst_post_vertical_padding":"default","_bst_post_feature":"","_bst_post_feature_position":"","_bst_post_header":false,"_bst_post_footer":false},"product_cat":[81],"product_tag":[],"class_list":{"0":"post-1111","1":"product","2":"type-product","3":"status-publish","4":"has-post-thumbnail","6":"product_cat-tigla-de-beton","8":"first","9":"instock","10":"shipping-taxable","11":"product-type-simple","12":"entry","13":"content-bg","14":"loop-entry"},"_links":{"self":[{"href":"https:\/\/construiesccasamea.ro\/index.php?rest_route=\/wp\/v2\/product\/1111"}],"collection":[{"href":"https:\/\/construiesccasamea.ro\/index.php?rest_route=\/wp\/v2\/product"}],"about":[{"href":"https:\/\/construiesccasamea.ro\/index.php?rest_route=\/wp\/v2\/types\/product"}],"replies":[{"embeddable":true,"href":"https:\/\/construiesccasamea.ro\/index.php?rest_route=%2Fwp%2Fv2%2Fcomments&post=1111"}],"wp:featuredmedia":[{"embeddable":true,"href":"https:\/\/construiesccasamea.ro\/index.php?rest_route=\/wp\/v2\/media\/1112"}],"wp:attachment":[{"href":"https:\/\/construiesccasamea.ro\/index.php?rest_route=%2Fwp%2Fv2%2Fmedia&parent=1111"}],"wp:term":[{"taxonomy":"product_cat","embeddable":true,"href":"https:\/\/construiesccasamea.ro\/index.php?rest_route=%2Fwp%2Fv2%2Fproduct_cat&post=1111"},{"taxonomy":"product_tag","embeddable":true,"href":"https:\/\/construiesccasamea.ro\/index.php?rest_route=%2Fwp%2Fv2%2Fproduct_tag&post=1111"}],"curies":[{"name":"wp","href":"https:\/\/api.w.org\/{rel}","templated":true}]}}