{"id":1095,"date":"2025-04-08T18:31:33","date_gmt":"2025-04-08T18:31:33","guid":{"rendered":"https:\/\/construiesccasamea.ro\/?post_type=product&#038;p=1095"},"modified":"2025-04-08T18:38:01","modified_gmt":"2025-04-08T18:38:01","slug":"tigla-terran-danubia-maro-extra","status":"publish","type":"product","link":"https:\/\/construiesccasamea.ro\/?product=tigla-terran-danubia-maro-extra","title":{"rendered":"Tigla Terran Danubia maro extra"},"content":{"rendered":"<h3 class=\"\" data-start=\"153\" data-end=\"204\"><strong data-start=\"157\" data-end=\"204\">\u021aigla de baz\u0103 1\/1 Terran \u2013 Colectia Danubia Color System<\/strong><\/h3>\n<p class=\"\" data-start=\"206\" data-end=\"461\"><strong data-start=\"206\" data-end=\"238\">Clasic\u0103. Durabil\u0103. Elegant\u0103.<\/strong><\/p>\n<p class=\"\" data-start=\"206\" data-end=\"461\"><br data-start=\"238\" data-end=\"241\" \/>\u021aigla de baz\u0103 Terran din colec\u021bia Danubia este alegerea ideal\u0103 pentru un acoperi\u0219 solid \u0219i estetic. Cu o acoperire de peste 95% din suprafa\u021ba acoperi\u0219ului, aceast\u0103 \u021bigl\u0103 reprezint\u0103 elementul esen\u021bial al \u00eenvelitorii tale.<\/p>\n<p class=\"\" data-start=\"463\" data-end=\"664\">Fabricat\u0103 din beton colorat \u00een mas\u0103 \u0219i tratat\u0103 cu tehnologia ecologic\u0103 <strong data-start=\"534\" data-end=\"549\">ColorSystem<\/strong>, \u021bigla p\u0103streaz\u0103 culoarea intens\u0103 \u00een timp \u0219i rezist\u0103 eficient la radia\u021biile UV, uzur\u0103 \u0219i condi\u021bii meteo extreme.<\/p>\n<p class=\"\" data-start=\"666\" data-end=\"842\">Disponibil\u0103 \u00een nuan\u021ba maro, cu un aspect clasic \u0219i dimensiuni de <strong data-start=\"736\" data-end=\"752\">330 x 420 mm<\/strong>, se integreaz\u0103 perfect at\u00e2t \u00een proiecte arhitecturale moderne, c\u00e2t \u0219i \u00een stiluri rustice.<\/p>\n<hr class=\"\" data-start=\"844\" data-end=\"847\" \/>\n<h4 class=\"\" data-start=\"849\" data-end=\"883\"><strong data-start=\"854\" data-end=\"883\">Beneficii pe termen lung:<\/strong><\/h4>\n<ul data-start=\"884\" data-end=\"1137\">\n<li class=\"\" data-start=\"884\" data-end=\"917\">\n<p class=\"\" data-start=\"886\" data-end=\"917\">Rezisten\u021b\u0103 mare la spargere<\/p>\n<\/li>\n<li class=\"\" data-start=\"918\" data-end=\"960\">\n<p class=\"\" data-start=\"920\" data-end=\"960\">Nu absoarbe apa \u2013 greutate constant\u0103<\/p>\n<\/li>\n<li class=\"\" data-start=\"961\" data-end=\"998\">\n<p class=\"\" data-start=\"963\" data-end=\"998\">Protec\u021bie \u00eempotriva decolor\u0103rii<\/p>\n<\/li>\n<li class=\"\" data-start=\"999\" data-end=\"1045\">\n<p class=\"\" data-start=\"1001\" data-end=\"1045\">Performan\u021b\u0103 \u00een cicluri de \u00eenghe\u021b-dezghe\u021b<\/p>\n<\/li>\n<li class=\"\" data-start=\"1046\" data-end=\"1088\">\n<p class=\"\" data-start=\"1048\" data-end=\"1088\">Izolare fonic\u0103 \u0219i termic\u0103 superioar\u0103<\/p>\n<\/li>\n<li class=\"\" data-start=\"1089\" data-end=\"1137\">\n<p class=\"\" data-start=\"1091\" data-end=\"1137\">100% ecologic\u0103 \u2013 f\u0103r\u0103 solven\u021bi sau amoniac<\/p>\n<\/li>\n<\/ul>\n<hr class=\"\" data-start=\"1139\" data-end=\"1142\" \/>\n<p class=\"\" data-start=\"1144\" data-end=\"1231\">Investe\u0219te \u00eentr-un acoperi\u0219 care arat\u0103 bine \u0219i rezist\u0103 \u00een timp. Alege calitatea Terran cu 50 de ani garantie!<\/p>\n","protected":false},"excerpt":{"rendered":"<p>10 buc\/mp<\/p>\n","protected":false},"featured_media":1096,"comment_status":"open","ping_status":"closed","template":"","meta":{"_bst_post_transparent":"default","_bst_post_title":"","_bst_post_layout":"default","_bst_post_sidebar_id":"","_bst_post_content_style":"default","_bst_post_vertical_padding":"default","_bst_post_feature":"","_bst_post_feature_position":"","_bst_post_header":false,"_bst_post_footer":false},"product_cat":[81],"product_tag":[],"class_list":{"0":"post-1095","1":"product","2":"type-product","3":"status-publish","4":"has-post-thumbnail","6":"product_cat-tigla-de-beton","8":"first","9":"instock","10":"shipping-taxable","11":"product-type-simple","12":"entry","13":"content-bg","14":"loop-entry"},"_links":{"self":[{"href":"https:\/\/construiesccasamea.ro\/index.php?rest_route=\/wp\/v2\/product\/1095"}],"collection":[{"href":"https:\/\/construiesccasamea.ro\/index.php?rest_route=\/wp\/v2\/product"}],"about":[{"href":"https:\/\/construiesccasamea.ro\/index.php?rest_route=\/wp\/v2\/types\/product"}],"replies":[{"embeddable":true,"href":"https:\/\/construiesccasamea.ro\/index.php?rest_route=%2Fwp%2Fv2%2Fcomments&post=1095"}],"wp:featuredmedia":[{"embeddable":true,"href":"https:\/\/construiesccasamea.ro\/index.php?rest_route=\/wp\/v2\/media\/1096"}],"wp:attachment":[{"href":"https:\/\/construiesccasamea.ro\/index.php?rest_route=%2Fwp%2Fv2%2Fmedia&parent=1095"}],"wp:term":[{"taxonomy":"product_cat","embeddable":true,"href":"https:\/\/construiesccasamea.ro\/index.php?rest_route=%2Fwp%2Fv2%2Fproduct_cat&post=1095"},{"taxonomy":"product_tag","embeddable":true,"href":"https:\/\/construiesccasamea.ro\/index.php?rest_route=%2Fwp%2Fv2%2Fproduct_tag&post=1095"}],"curies":[{"name":"wp","href":"https:\/\/api.w.org\/{rel}","templated":true}]}}