{"id":1077,"date":"2025-04-08T18:08:16","date_gmt":"2025-04-08T18:08:16","guid":{"rendered":"https:\/\/construiesccasamea.ro\/?post_type=product&#038;p=1077"},"modified":"2025-04-08T18:23:27","modified_gmt":"2025-04-08T18:23:27","slug":"tigla-bramac-romana-antracit-novo","status":"publish","type":"product","link":"https:\/\/construiesccasamea.ro\/?product=tigla-bramac-romana-antracit-novo","title":{"rendered":"Tigla Bramac Romana antracit novo"},"content":{"rendered":"<p>Elegan\u021ba \u0219i sobrietatea sunt principalele atribute estetice ale \u021biglei Romana. Cu un profil pronun\u021bat \u0219i o suprafa\u021ba neted\u0103,\u00a0<strong>\u021bigla Romana<\/strong>\u00a0readuce \u00een prim-plan imaginea \u00eenvelitorilor tradi\u021bionale din sud, \u00eenvelitorile de olane. Acest model de \u021bigl\u0103 din beton este specific prin arcul masiv al profilului, care totodat\u0103 impune un caracter inconfundabil fiec\u0103rui acoperi\u0219.<\/p>\n<p><strong>Sfatul nostru:<\/strong>\u00a0La montarea \u0163iglei Romana Antic, recomand\u0103m amestecarea a trei sau patru pale\u0163i de \u0163igl\u0103, pentru ca acoperi\u015ful s\u0103 beneficieze de un aspect armonizat, ca de mozaic.<\/p>\n<p>Culorile existente \u00een portofoliu\u00a0<strong>ro\u0219u c\u0103r\u0103miziu, maro si antracit <\/strong>beneficiaz\u0103 de protec\u021bia suprafa\u021bei\u00a0<strong>Novo.<\/strong><\/p>\n<p>Garantie 30 de ani!<\/p>\n<table id=\"product-attribute-specs-table\" class=\"data table additional-attributes\">\n<tbody>\n<tr class=\"\">\n<th class=\"col label\" scope=\"row\">Dimensiuni Lxl (mm)<\/th>\n<td class=\"col data\" data-th=\"Dimensiuni Lxl (mm)\">420 x 330<\/td>\n<\/tr>\n<tr class=\"\">\n<th class=\"col label\" scope=\"row\">Greutate (kg)<\/th>\n<td class=\"col data\" data-th=\"Greutate (kg)\">4.45 \/ buc<\/td>\n<\/tr>\n<tr class=\"\">\n<th class=\"col label\" scope=\"row\">Mod de ambalare (buc\/palet)<\/th>\n<td class=\"col data\" data-th=\"Mod de ambalare (buc\/palet)\">264<\/td>\n<\/tr>\n<\/tbody>\n<\/table>\n","protected":false},"excerpt":{"rendered":"<p>10 buc\/mp<\/p>\n","protected":false},"featured_media":1078,"comment_status":"open","ping_status":"closed","template":"","meta":{"_bst_post_transparent":"default","_bst_post_title":"","_bst_post_layout":"default","_bst_post_sidebar_id":"","_bst_post_content_style":"default","_bst_post_vertical_padding":"default","_bst_post_feature":"","_bst_post_feature_position":"","_bst_post_header":false,"_bst_post_footer":false},"product_cat":[81],"product_tag":[],"class_list":{"0":"post-1077","1":"product","2":"type-product","3":"status-publish","4":"has-post-thumbnail","6":"product_cat-tigla-de-beton","8":"first","9":"instock","10":"shipping-taxable","11":"product-type-simple","12":"entry","13":"content-bg","14":"loop-entry"},"_links":{"self":[{"href":"https:\/\/construiesccasamea.ro\/index.php?rest_route=\/wp\/v2\/product\/1077"}],"collection":[{"href":"https:\/\/construiesccasamea.ro\/index.php?rest_route=\/wp\/v2\/product"}],"about":[{"href":"https:\/\/construiesccasamea.ro\/index.php?rest_route=\/wp\/v2\/types\/product"}],"replies":[{"embeddable":true,"href":"https:\/\/construiesccasamea.ro\/index.php?rest_route=%2Fwp%2Fv2%2Fcomments&post=1077"}],"wp:featuredmedia":[{"embeddable":true,"href":"https:\/\/construiesccasamea.ro\/index.php?rest_route=\/wp\/v2\/media\/1078"}],"wp:attachment":[{"href":"https:\/\/construiesccasamea.ro\/index.php?rest_route=%2Fwp%2Fv2%2Fmedia&parent=1077"}],"wp:term":[{"taxonomy":"product_cat","embeddable":true,"href":"https:\/\/construiesccasamea.ro\/index.php?rest_route=%2Fwp%2Fv2%2Fproduct_cat&post=1077"},{"taxonomy":"product_tag","embeddable":true,"href":"https:\/\/construiesccasamea.ro\/index.php?rest_route=%2Fwp%2Fv2%2Fproduct_tag&post=1077"}],"curies":[{"name":"wp","href":"https:\/\/api.w.org\/{rel}","templated":true}]}}