{"id":1067,"date":"2025-04-08T17:33:44","date_gmt":"2025-04-08T17:33:44","guid":{"rendered":"https:\/\/construiesccasamea.ro\/?post_type=product&#038;p=1067"},"modified":"2025-04-14T06:28:10","modified_gmt":"2025-04-14T06:28:10","slug":"coama-pr-rosu-natur-creaton","status":"publish","type":"product","link":"https:\/\/construiesccasamea.ro\/?product=coama-pr-rosu-natur-creaton","title":{"rendered":"Coama PR rosu natur Creaton"},"content":{"rendered":"<p class=\"\" data-start=\"0\" data-end=\"79\"><strong data-start=\"0\" data-end=\"79\">\u021aigl\u0103 Coam\u0103 PR Creaton \u2013 Detaliul care completeaz\u0103 perfect acoperi\u0219ul<\/strong><\/p>\n<p class=\"\" data-start=\"81\" data-end=\"391\">\u021aigla de coam\u0103 PR Creaton este un element ceramic cu form\u0103 clasic, conceput special pentru finisarea estetic\u0103 \u0219i func\u021bional\u0103 a zonei superioare a acoperi\u0219ului. Asigur\u0103 o \u00eembinare elegant\u0103 \u0219i etan\u0219\u0103 \u00eentre versan\u021bi, protej\u00e2nd acoperi\u0219ul de infiltr\u0103ri \u0219i complet\u00e2nd armonios linia coamei.<\/p>\n","protected":false},"excerpt":{"rendered":"<p>2.5 buc\/ml<\/p>\n","protected":false},"featured_media":1066,"comment_status":"open","ping_status":"closed","template":"","meta":{"_bst_post_transparent":"default","_bst_post_title":"","_bst_post_layout":"default","_bst_post_sidebar_id":"","_bst_post_content_style":"default","_bst_post_vertical_padding":"default","_bst_post_feature":"","_bst_post_feature_position":"","_bst_post_header":false,"_bst_post_footer":false},"product_cat":[15,80],"product_tag":[],"class_list":{"0":"post-1067","1":"product","2":"type-product","3":"status-publish","4":"has-post-thumbnail","6":"product_cat-uncategorized","7":"product_cat-tigla-ceramica","9":"first","10":"instock","11":"shipping-taxable","12":"purchasable","13":"product-type-simple","14":"entry","15":"content-bg","16":"loop-entry"},"_links":{"self":[{"href":"https:\/\/construiesccasamea.ro\/index.php?rest_route=\/wp\/v2\/product\/1067"}],"collection":[{"href":"https:\/\/construiesccasamea.ro\/index.php?rest_route=\/wp\/v2\/product"}],"about":[{"href":"https:\/\/construiesccasamea.ro\/index.php?rest_route=\/wp\/v2\/types\/product"}],"replies":[{"embeddable":true,"href":"https:\/\/construiesccasamea.ro\/index.php?rest_route=%2Fwp%2Fv2%2Fcomments&post=1067"}],"wp:featuredmedia":[{"embeddable":true,"href":"https:\/\/construiesccasamea.ro\/index.php?rest_route=\/wp\/v2\/media\/1066"}],"wp:attachment":[{"href":"https:\/\/construiesccasamea.ro\/index.php?rest_route=%2Fwp%2Fv2%2Fmedia&parent=1067"}],"wp:term":[{"taxonomy":"product_cat","embeddable":true,"href":"https:\/\/construiesccasamea.ro\/index.php?rest_route=%2Fwp%2Fv2%2Fproduct_cat&post=1067"},{"taxonomy":"product_tag","embeddable":true,"href":"https:\/\/construiesccasamea.ro\/index.php?rest_route=%2Fwp%2Fv2%2Fproduct_tag&post=1067"}],"curies":[{"name":"wp","href":"https:\/\/api.w.org\/{rel}","templated":true}]}}